*p - 510. Let b be (-459)/p*8/(-18). What is m(b)?
2
Let c(v) = -11*v**2 - 3*v**2 + 20*v**2 - v - 14 + 17 - 7*v**2. Let g = -2 + 5. Determine c(g).
-9
Suppose -30*c = x - 29*c - 7, -4*c + 28 = 3*x. Let g(v) be the second derivative of -3/2*v**2 + 1/6*v**3 - 21*v + x. Determine g(2).
-1
Let m(u) = u - 46. Suppose -3*i + 79 = -f, 4*i - 3*f + 75 = 8*i. Calculate m(i).
-22
Let y(t) = 2*t**2 - t + 2. Suppose 7*n = 2*n - 725. Let m = 217 + n. Suppose m*q - 76*q = 8. Calculate y(q).
12
Let c be (8/6)/(8/12). Let b = -149 + 156. Let k(g) = 0 + 5 - g - c - b. Determine k(4).
-8
Suppose 34 = 11*g - 76. Let p(x) = 21*x - 7*x - 17*x + g. Give p(-7).
31
Let b(k) be the second derivative of k**4/12 + 2*k**3/3 - k**2 + 94*k. Let l = 61 - 65. Determine b(l).
-2
Let c be 91/(-91)*(3 - 2). Let u(d) = -44*d**3 + 2*d**2 - d - 2. Determine u(c).
45
Suppose 5*n - m - 4*m = 0, -5*n + 3*m + 4 = 0. Let o(i) be the first derivative of i**4/4 - i**3 + i**2/2 + 191. Determine o(n).
-2
Let g = -42 + 41. Let u be (10 - 7)/(-2 + g + 2). Let v(q) = 2*q - 8. Give v(u).
-14
Suppose -4*y - 5*r - 17 = 0, -5*y - 17*r - 20 = -12*r. Let d(j) = -3*j**2 - 7*j - 4. Calculate d(y).
-10
Let r(p) = 2*p - 6. Let b be -1 + 43 - 48/24. Suppose -4*l + 5*u = -13, -5*l + u - b = 6*u. What is r(l)?
-12
Suppose 40 = 10*j - 12*j. Let x = j + 26. Let k(o) = -7 + 3*o + x + 1. Calculate k(1).
3
Let r be (-10)/7*(-4186)/130. Let c(n) = n - 58. Calculate c(r).
-12
Let c(q) be the first derivative of -q**4/4 - q**2/2 + 29*q - 1. Let i(a) = 5169*a - 103380. Let y be i(20). What is c(y)?
29
Let m = -822 - -824. Let n(l) be the first derivative of -3 + 1 - 2*l + 1 - l**2. What is n(m)?
-6
Suppose -32 = -3*z + h, 2*z = h - 0*h + 22. Let s(c) be the second derivative of -c**4/12 + 5*c**3/3 + 4*c**2 + 75*c + 2. What is s(z)?
8
Let i(f) be the second derivative of -f**4/12 - f**3/3 - f**2/2 - 6*f - 25. Let z(y) = -2*y**2 + 46*y - 2. Let r be z(23). What is i(r)?
-1
Let r(d) be the third derivative of 0*d - 3*d**2 + 1/15*d**5 + 1/2*d**3 - 5 + 1/8*d**4 - 1/120*d**6. Give r(4).
15
Suppose 101*z - 33*z + 370 = 30. Let d(r) = -r**2 - 11*r - 17. Determine d(z).
13
Let m be (17 - 893/57)/(3/(-45)). Let x(h) = h**2 + 11*h - 157. Calculate x(m).
23
Let d(f) = -7*f - 27 + 3 - f - 12*f + 10*f. Give d(-2).
-4
Let a(g) = -2*g**3 - 116*g**2 + 4*g + 227. Let w be a(-58). Let m(y) be the first derivative of -y**3/3 - 3*y**2 - 11*y - 8. Calculate m(w).
-6
Let t be 5/20 - (-22)/8. Let a(z) = -298*z + 148*z - 3*z**2 - 5*z**3 + 2*z**3 + 2 + 145*z + 4*z**3. Calculate a(t).
-13
Suppose 27*m + 24 = -3*p + 31*m, p - 30 = -5*m. Let y(i) = -3*i**2 + 4*i - 9. What is y(p)?
-9
Let h(s) = -4*s**2 - 1. Let n(v) = -20*v**2 + v - 4. Let y(q) = -11*h(q) + 2*n(q). Suppose 4*l + 2 = 3*a, 2*a + 136 = 3*l + 138. Give y(a).
15
Suppose s - 8*l = -9*l, 0 = -4*s - l - 15. Let m be (3 + 13/s)/((-4)/(-100)). Let n(d) = -d**3 + 10*d**2 - 7. What is n(m)?
-7
Let j(a) be the second derivative of -17*a**5/20 + a**3/3 - a**2/2 - 71*a + 7. What is j(1)?
-16
Let s be (3*9/(270/4))/(4/10). Let i(q) = 63*q**2 - 2*q + 1. Calculate i(s).
62
Let d(y) = -y**2 + 9*y - 3. Let j be (-1)/(-5)*-5 - (-94)/1. Let b = j + -86. Give d(b).
11
Let w(t) = t**2 + t + 3. Let a be (125/100)/((-2)/(-24)). Let r be -5 + (33/a - 16/(-20)). Give w(r).
5
Let o(r) be the first derivative of -r**4 - r**3/3 + 2074. Calculate o(-1).
3
Let b = -221 - -216. Let r(k) be the third derivative of -5/24*k**4 + k**2 - 1/120*k**6 + 0*k + 0 - 2/3*k**3 - 1/10*k**5. Give r(b).
-4
Let k = 216 - 215. Let f be ((-160)/48)/(2/3). Let o(m) = 4*m**2. Let n(q) = 4*q**2. Let z(d) = f*o(d) + 6*n(d). Calculate z(k).
4
Let v(i) = i**2 - 3*i - 124. Let k be v(-10). Let f(y) be the third derivative of y**4/24 - 5*y**3/6 - 4*y**2. Give f(k).
1
Let x(a) = -5*a - 14. Suppose 4*d = -4*f + 30 - 54, -2*f + d = 0. Determine x(f).
-4
Let n(t) = t**3 - 9*t**2 - 15*t + 46. Suppose -1267 = -116*c - 107. Determine n(c).
-4
Let i(n) be the first derivative of -n**5/20 - n**4/4 - 2*n**3/3 - 2*n**2 + 167*n + 111. Let k(c) be the first derivative of i(c). Give k(-4).
28
Let z be 2*(1 + 9 + -6). Suppose -4*v = -8 + z. Let f(l) = l**2 - l - 20. Determine f(v).
-20
Suppose -4*h - 17 = 4*r + r, r = 3*h + 8. Let l(p) = -19*p - 6. Let f(v) = 18*v + 5. Let b be -3 - 7 - (-8)/2. Let q(i) = b*f(i) - 5*l(i). Determine q(r).
13
Let u = -9201 - -9187. Let f(s) = 2*s + 29. Give f(u).
1
Let u(q) = -192*q + 583. Let f be u(3). Let r(b) = b**2 - 6*b - 34. Give r(f).
-27
Suppose -286 = -34*z + 239 - 117. Let a(o) = -5*o + 82. Calculate a(z).
22
Let l be ((-207)/115)/((-6)/(-20)). Let f(y) = -9*y - 20. Give f(l).
34
Let g(p) = p**2 + 11*p + 18. Let k be g(-10). Suppose 0 = 3*d + 5*d + k. Let u(j) = 2*j**2 + j. What is u(d)?
1
Let j = -3 - -2. Let i(a) = -10*a - 17. Let t(h) = 25*h + 45. Let k(b) = -37*i(b) - 14*t(b). Calculate k(j).
-21
Let q(z) = z**3 - 4*z**2 - z - 1. Suppose 0 = -i - 2, -6*c + 4*i = -c - 843. Let h = 171 - c. Determine q(h).
-5
Let r(o) = 2*o**3 - 13*o**2 + 7*o - 6. Let b be (26 - 19) + 2/(-4)*2. Give r(b).
0
Let v(d) = -d**2 + d. Let y be (-48)/72 - 1900/3. Let m = y + 632. Calculate v(m).
-6
Let u(v) be the third derivative of v**3 + 0 + 16*v - 7/24*v**4 + v**2 + 1/60*v**5. Give u(7).
6
Let g be (-2*2/(-9))/(15/135). Let m(z) = z + 1. Let o(n) = n + 1. Let v(i) = m(i) - 2*o(i). What is v(g)?
-5
Let n(y) = 8*y**3 + y**2 + y + 1. Let r(z) = 2*z + 12. Let c be r(-12). Let w be (-5)/(15/c)*3/(-4). Let t be w*3/18*2. Give n(t).
-7
Suppose 24*c - 11*c = 169. Suppose -18*h + g = -c*h - 51, 4*h - g = 41. Suppose 0 = -b - h*b - 11. Let r(y) = -5*y**3 + 1. Determine r(b).
6
Suppose 0 = -3*g + 44 + 55. Suppose 4*q + g = -11. Let f(t) = -t**2 - 10*t + 5. Give f(q).
-6
Suppose 2*a + 66 = 64. Let p(m) = -m**3 - m + 1. Let l(x) = 6*x**3 - 5*x**2 + 7*x - 8. Let s(c) = a*l(c) - 5*p(c). Calculate s(5).
-7
Let s(x) = x**2 + x - 6. Let g be s(0). Let k(l) be the first derivative of 0*l + 7/2*l**2 - 336 - 5/3*l**3 - 1/4*l**4. Give k(g).
-6
Let j(l) = -54*l + 268. Let v(i) = 41*i - 1348. Let k be v(33). Determine j(k).
-2
Let z(t) = t**3 + 4*t**2 - t - 5. Let l be (1 + (-408)/(-40))/((-6)/(-15)). Suppose -4*c + 5*w - 36 = 0, 3*w = 6*c - 2*c + l. Give z(c).
-1
Let j(z) = -36206 - 4*z**2 + 36239 - 3*z + 11*z**3 - 10*z**3. Calculate j(5).
43
Let w(m) = 2*m - 18. Let u be w(9). Let a(x) = -23 + 8*x + u*x + 24 - 5*x. Let t be ((-1)/(-2))/(3/6). Determine a(t).
4
Let j(x) = 11*x + 2. Let n(z) = 13*z - 5. Let m(c) = -c + 1. Let f(i) = -6*m(i) - n(i). Let r(g) = 8*f(g) + 5*j(g). Calculate r(4).
-2
Let d(f) = 6 + 7*f - 19*f + f**2 + 2*f + 1 + 9. What is d(11)?
27
Let j(i) = -53622*i**2 + 53620*i**2 - 2 + 1. Suppose -13 = 5*v + 7. Determine j(v).
-33
Suppose -500*c + 90 = -491*c. Let y(m) be the second derivative of 0 - 5/2*m**2 + 1/3*m**3 - c*m. What is y(5)?
5
Let h = -342 + 350. Let s(w) = -13*w**2 + 10*w + 45. Let k(z) = -3*z**2 + 3*z + 10. Let o(m) = 9*k(m) - 2*s(m). Calculate o(h).
-8
Let d be 0/2 - (7 + -8). Let u be 2/(-1*(2 - 4)). Let q(m) = 6*m**3 + 3*m + 3*m**3 - u - m + 0*m**3. Give q(d).
10
Let u(l) = -2 - 3*l**2 - 235*l + 5 + 9*l**2 + 462*l - 231*l - 9*l**3. Calculate u(2).
-53
Let p = -7 + -3. Let y(u) be the first derivative of u**6/360 + u**5/10 + 7*u**4/12 + 38*u**3/3 - 1. Let r(m) be the third derivative of y(m). Determine r(p).
-6
Let w(r) = 23*r + 22. Suppose -37*l - 54*l = -67*l + 24. Give w(l).
-1
Suppose 113*a - 109*a = 5*x - 22, -2*x = -5*a - 19. Let h(l) = l**3 + 5*l**2 + 5*l + 6. What is h(a)?
9
Let q(b) be the first derivative of b**4/4 + 4*b**3/3 - 3*b**2 + 2*b + 338. Calculate q(-4).
26
Let t = 38 + -41. Let n(c) = 8*c**2 + 32*c + 4. Let z(b) = 5*b**2 + 19*b + 2. Let w(v) = 3*n(v) - 5*z(v). Determine w(t).
-10
Let m be (-598)/230 - 15/(-25). Let b(u) = u**3 + 6*u**2 + 3*u + 7. Give b(m).
17
Let x(o) be the first derivative of 6*o - 5/6*o**3 - 5 + 1/2*o**2. Let d(n) be the first derivative of x(n). What is d(1)?
-4
Suppose 114*o - 120*o + 72 = 0. Let h(u) be the first derivative of u**4/4 - 4*u**3 + u**2/2 - 6*u - 5. What is h(o)?
6
Let l(r) = 16*r + 63. Let w(a) = -3*a - 13. Let i(n) = 2*l(n) + 11*w(n). Calculate i(-9).
-8
Let u(v) = -v**2 + 2*v + 1. Let p = -1017 + 907. Suppose -141 - 186 = -3*w. Let j = p + w. What is 